*(-14)/28. Let t(m) = -m**2 - 6*m - 3. What is t(g)?
2
Suppose 0*t = 3*t - 6. Suppose -h - 6 = -t*h. Let a(d) = -d**3 + 6*d**2 - 7. Give a(h).
-7
Let r(b) = b**2 - 8*b - 1. Suppose 2*x - 1 = -5. Let z be (x - -1) + (-21)/(-3). What is r(z)?
-13
Let n = -14 - -16. Let i(y) = n - y**2 - 5*y + 2 + 1 - 2. Let v be -4 + (0 - -3) + -5. Determine i(v).
-3
Let q(r) = 5*r**2 - 7*r - 9. Let c(y) = -3*y**2 + 6*y + 8. Let i(m) = 3*c(m) + 2*q(m). Give i(-4).
6
Let y(x) = 208*x**3 - 32*x**2 - 64*x + 32. Let h(m) = -19*m**3 + 3*m**2 + 6*m - 3. Let z(l) = -32*h(l) - 3*y(l). Give z(-1).
16
Let w = -1441 - -1434. Let g(s) = s - 4 + 2*s - 4*s. What is g(w)?
3
Let d(i) = -3*i**3 + 8*i**2 + 8*i - 5. Let h(c) = 8*c**3 - 23*c**2 - 23*c + 15. Let o = 119 + -108. Let b(j) = o*d(j) + 4*h(j). Calculate b(-4).
21
Let u(g) be the first derivative of g**2 + 15*g + 95. Determine u(-11).
-7
Let o(a) = -5*a - 1. Let b be (1 - (-6)/1)*1. Suppose -8 = 2*x - 0*x + 4*l, 0 = -3*x - 3*l. Suppose 3 = -x*t + b. What is o(t)?
-6
Let y(h) be the second derivative of -h**3/6 + h**2/2 + h - 88. Suppose -5*p + 22 = o, 30 = 5*o + 5*p - 20. What is y(o)?
-6
Let y = -1 - -15. Let i = y + -12. Let b(g) = -3 + 20*g + 17*g - 3*g**2 - 33*g. Calculate b(i).
-7
Let d = -45 - -52. Let b(i) = -i**2 + 11*i - 23. Let o be b(d). Let y(q) = q**3 - 6*q**2 + 6*q + 5. Give y(o).
10
Let h(i) = -10*i. Let a(u) = 7*u. Let v(f) = -4*a(f) - 3*h(f). Calculate v(5).
10
Let c(z) = -z**3 + 9*z**2 + 9*z + 19. Let j be c(10). Suppose -3*f = -j*f + 24. Let o(u) = -u**3 - 3 + 0*u**3 + 6*u**2 - u - 4*u. Determine o(f).
9
Suppose -b + 6 = 4*r - 32, 4*r = -2*b + 40. Suppose 8*j - r = 7. Let w(s) = -4*s + 2*s - 1 - 1. What is w(j)?
-6
Let t(u) = 4*u + 31. Let x(s) = -2*s - 16. Let i(r) = 2*t(r) + 5*x(r). What is i(-8)?
-2
Suppose 0 = 3*l + 5*n - 11, 4*l - 4*n + 37 = 9. Let f(g) = -g**2 + 2*g + 2. Calculate f(l).
-13
Let w(t) = -4*t + 1. Let k(o) = 3*o + 11. Let a be k(-9). Let z = -19 - a. Determine w(z).
13
Let d(g) = -4*g - 21. Let k be d(-13). Let v(j) = -j - k + 32 - j + j. Suppose -c - 1 = 3. Determine v(c).
5
Let y = -211 - -209. Let n(u) be the first derivative of u**3/3 - 3*u**2/2 - 2*u + 2. Calculate n(y).
8
Let f(d) = -3*d**2 + 43*d - 20. Let z be f(14). Let s(i) = i**2 + 7*i - 4. Determine s(z).
-10
Let x(k) = -k**3 + 4*k**2 - 4*k + 2. Suppose -5*z + z = -48. Suppose -13*f = -z*f. Suppose 4*r - 23 = 2*t + 3*t, f = r - 5*t - 17. Determine x(r).
2
Let r(a) be the third derivative of -a**6/120 + a**5/10 + a**4/24 + a**3 - a**2 - 69*a. What is r(6)?
12
Let r(g) be the second derivative of 19*g + 0*g**3 - 1/6*g**4 + 1/10*g**5 + 0*g**2 + 0. Give r(2).
8
Let g(k) = k**2 - 16*k + 40. Let x be g(12). Let j(s) = -s - 21. What is j(x)?
-13
Let u(m) = 38*m. Suppose -4 - 8 = 3*g. Let y(q) = 13*q. Let p(z) = g*u(z) + 11*y(z). Determine p(1).
-9
Let y(z) = 2*z + 28. Let i(k) = -3*k - 18. Let b(r) = -3*i(r) - 2*y(r). What is b(8)?
38
Let j(c) be the second derivative of 2*c**4/3 - c**2 + 301*c. Give j(1).
6
Let x(w) = -8*w**2 + 30*w + 4. Suppose -8 = -32*h + 30*h. Let l(m) = -3*m**2 + 10*m + 1. Let p(r) = h*x(r) - 11*l(r). What is p(-4)?
-19
Suppose -j = v - 4, 0 = -2*j + 12*v - 15*v + 5. Let a(b) = b**3 - 7*b**2 + 3. Calculate a(j).
3
Let o(h) be the second derivative of h**3/3 - 3*h**2/2 + 4*h + 10. Give o(5).
7
Let n = 3 - 8. Let a(t) be the third derivative of 0 + 5/24*t**4 + 1/3*t**3 + 0*t + 1/60*t**5 + 9*t**2. Calculate a(n).
2
Let o = 12 + -16. Let l be 4 - 2 - (o + 1). Let c(q) = q + 1. Let u(b) = -2*b - 3. Let x(p) = 7*c(p) + 3*u(p). Give x(l).
3
Let y(w) = -5*w + 4. Let d(u) = 4*u - 27. Let t be d(8). Let c(b) = 6*b - 3. Let x(k) = t*y(k) + 4*c(k). What is x(11)?
-3
Let w(t) = t**3 + 8*t**2 - 4. Let z be ((-72)/(-15))/((-3)/15). Let k = z + 16. Give w(k).
-4
Let n = -35 - -37. Let a be 12/(-3) - (1 - n). Let i(v) = 4*v + 3. What is i(a)?
-9
Let w(q) be the second derivative of q**4/12 - 2*q**3/3 - q + 37. Determine w(5).
5
Let v(t) = 6*t**2 + 22*t + 17. Let k(f) = 7*f**2 + 23*f + 17. Let g(o) = 5*k(o) - 6*v(o). Let r be g(-15). Let l = r - 19. Let z(n) = n**2 + 6*n + 4. Give z(l).
4
Suppose -4*m + p + 58 = -13, 3*p + 9 = 0. Let u = m - 10. Let k = u - 13. Let b(i) = i**3 + 6*i**2 + 2*i + 7. Determine b(k).
-5
Let f(i) be the second derivative of -i**5/20 - i**4/4 + 5*i**3/6 + 7*i**2/2 + 3*i + 27. Give f(-5).
32
Let h(p) = -3*p**2 - 2*p - 1. Suppose -18*z - 131 = -41. Let t be (-3)/(-1) + 3 + z - 2. What is h(t)?
-2
Let i(x) be the first derivative of x**3/3 - 9*x**2/2 + 10*x - 59. What is i(8)?
2
Suppose 155 - 483 = 82*b. Let x(j) = j**3 + 2*j**2 - 10*j + 3. What is x(b)?
11
Let h = -19 - -24. Suppose -5*q + 2*x = -6, -x - 12 = h*q + 3*x. Let s(o) = -o**3 - o**2 + o - 9. Calculate s(q).
-9
Let u(t) = 5*t + 511 - 538 + 7*t - t**2. Give u(8).
5
Let k(i) = -4*i - 2. Let h = 105 - 18. Let y = 84 - h. Give k(y).
10
Let w(y) be the second derivative of y**5/20 - y**3/3 - y**2/2 + 2*y - 146. Determine w(-1).
0
Let v(g) = 11 - 8 + 5*g - 2*g + 340*g**2 - 341*g**2. What is v(4)?
-1
Let k be (-11)/6*(-73 - -67). Let b(j) = j**2 - 13*j + 21. Give b(k).
-1
Let t(r) = -11*r**3 + r**2 - 10*r + 5. Let k(h) = -3 - 4 + 5*h**3 + h**2 + 5 - 2*h**2 + 5*h. Let l(x) = 9*k(x) + 4*t(x). Determine l(4).
6
Let i(f) = f**3 + 8*f**2 + 3*f + 11. Let j be i(-8). Let v(h) = h**2 - 5*h - 23. Let y be v(7). Let b = y - j. Let c(r) = r**2 - 5*r. Determine c(b).
-4
Let v be 4 - 5 - 0/3. Let a(f) = 7*f**3 - 4*f**2 - 2*f - 5. Let c(u) = -4*u**3 + 2*u**2 + u + 2. Let z(y) = 2*a(y) + 5*c(y). What is z(v)?
7
Let w(d) = 5 + 2*d - 6*d**2 + 3 - d**3 + 1. Let v(s) = s**2 - 202*s + 9711. Let x be v(123). Calculate w(x).
-3
Let k(j) = -8*j - 1. Let i be (-2)/4*(-12 - -12). Suppose i + 4 = -v. Let q be 2*((-14)/v - 3). Calculate k(q).
-9
Let c(y) = -2*y**2 - y - 2. Suppose -2*k - 4 + 14 = 0, 2*b - k + 7 = 0. Determine c(b).
-3
Suppose -2*l + 4*l = 0, 0 = 4*f + 4*l - 24. Let k(r) = -r**2 + 4*r + 4. Let g be k(f). Let b(j) = -j**2 - 8*j + 4. Calculate b(g).
4
Let f(t) = -t**2 - 12*t + 12. Let s(d) = 2*d**2 + 25*d - 23. Let c(q) = -13*f(q) - 6*s(q). Let x be c(-8). Let m(l) = l**3 - l**2 + l + 2. Determine m(x).
-12
Suppose 58 = 2*d - 3*n, 0 = -d - 5*n + 65 - 10. Suppose 0*l + 7*l = d. Let y(c) = l + 10*c**3 - 2 + 3*c - c**2 - 8*c**3 + 2*c**2. Give y(-2).
-15
Let s be (-6)/(0 - 2 - 4). Suppose 4*d - 21 = d. Let y(c) = -3 - 3*c - s + d. What is y(2)?
-3
Let n be (2*(-3 - -4))/1. Let q(f) = -3 - f - f**2 + 2*f**n + 0*f + 1. Let p = 10 + -7. What is q(p)?
4
Let n(r) = 2*r - 2. Let a(c) = -53*c - 464. Let w be a(-9). Give n(w).
24
Let p(c) = -4*c**3 - c**2 + 4*c + 6. Let d(f) = f**3 - f**2 - 1. Let g(o) = -5*d(o) - p(o). Suppose -2*t - 5*w = -3*t - 20, 0 = -t + w. Determine g(t).
4
Let q = 172 - 167. Let h = -6 - -8. Let k(u) = -h + 0*u - u + 3 + q. Determine k(6).
0
Let p(k) = -k**3 - 2*k**2 - 2*k + 2. Let i be p(0). Let l(v) = -v + 6 - 4 - 1 - i. Give l(-5).
4
Suppose 0 = -2*s + s - 1. Let c(m) be the third derivative of m**5/15 + m**4/24 + 1084*m**2. Give c(s).
3
Let y(u) = -u**3 - 5*u**2 - 4*u - 4. Let a(g) = g**3 + 6*g - 38*g**2 + 5 + 43*g**2 + 0*g**3. Let h be a(-4). Give y(h).
-10
Let c(q) = -4*q + 0 - 16 - 2*q**2 + 14. Give c(-3).
-8
Let s(w) = w**2 - 6*w - 5. Let y be s(7). Let f(v) = -3*v**2 - y*v + 3*v**2 - 3*v**2. What is f(-2)?
-8
Suppose 5*s = 4*x + 30, s + s + 2*x + 6 = 0. Let h be (s - -2)/(6/(-3)). Let j be h + 6 + -1 + -2. Let z(k) = -5*k**2. What is z(j)?
-5
Let u(i) = i**2 - i - 2. Let f(s) = 2*s**3 - 9*s**2 + 8*s**2 - s**3 + 2*s**2. Let x be f(1). What is u(x)?
0
Let o(i) be the first derivative of -i**4/4 + 8*i**3/3 + 19*i**2/2 + 10*i + 10. Let j be o(10). Let l(v) = v**3 + v**2 + v + 4. What is l(j)?
4
Let q(t) = -4*t**3 - t**2 + 3*t - 2. Let p(v) = v**2. Let f(g) = -p(g) - q(g). What is f(2)?
28
Let d(g) = 7*g - 1. Let w(t) = t**2 - t - 1. Let l(c) = -3*c**2 - 7*c + 31. Let z(a) = l(a) + 4*w(a). Let v be z(7). Calculate d(v).
-8
Let x = -5 + 30. Suppose 0 = 2*i - 7*i - x. Let r(y) = -y**3 - 5*y**2 + 2*y + 4. Calculate r(i).
-6
Suppose 0 = -19*v - 1 + 20. Let l(a) = 22*a**2 - 2*a + 1. Calculate l(v).
21
Let l(g) be the third derivative of 3*g**4/8 + 2*g**2 + 392*g. Let o = 2 - 3. What is l(o)?
-9
Suppose -10 = 2*w - 16. Suppose -6 = 2*g + 3*q -